{"id":20191,"date":"2025-11-11T22:15:35","date_gmt":"2025-11-11T21:15:35","guid":{"rendered":"https:\/\/www.immanuel.se\/en\/calendar\/how-far-can-church-design-go-105\/"},"modified":"2026-05-01T22:15:37","modified_gmt":"2026-05-01T20:15:37","slug":"how-far-can-church-design-go-105","status":"publish","type":"tribe_events","link":"https:\/\/www.immanuel.se\/en\/calendar\/how-far-can-church-design-go-105\/","title":{"rendered":"How far can church design go?"},"content":{"rendered":"<p>A cultural caf\u00e9 inspired by the artistic legacy of church painter P\u00e4r Andersson, held at Immanuel Church.<\/p>\n<p>The exhibition on P\u00e4r Andersson is currently on display at the Royal Academy of Fine Arts (October 16\u2013November 22). Immanuel Church remains his most extensive artistic creation.<\/p>\n<p>Participants:<br \/>\nMats Theselius \u2013 renowned furniture designer and son of P\u00e4r Andersson<br \/>\nPetra Carlsson Redell \u2013 priest and professor with a deep interest in sacred spaces and artistic expression<br \/>\nModerator: G\u00f6rel Bystr\u00f6m Janarv \u2013 theologian with long experience working at the intersection of faith, art, and life<\/p>\n","protected":false},"excerpt":{"rendered":"<p>A cultural caf\u00e9 inspired by the artistic legacy of church painter P\u00e4r Andersson, held at Immanuel Church. The exhibition on P\u00e4r Andersson is currently on display at the Royal Academy [&hellip;]<\/p>\n","protected":false},"author":0,"featured_media":0,"template":"","meta":{"_acf_changed":false,"page_specific_styles":"","episode_type":"","audio_file":"","podmotor_file_id":"","podmotor_episode_id":"","cover_image":"","cover_image_id":"","duration":"","filesize":"","filesize_raw":"","date_recorded":"","explicit":"","block":"","itunes_episode_number":"","itunes_title":"","itunes_season_number":"","itunes_episode_type":"","_tribe_events_status":"","_tribe_events_status_reason":"","editor_notices":[],"_tribe_events_is_hybrid":"","_tribe_events_is_virtual":"","_tribe_events_virtual_video_source":"","_tribe_events_virtual_embed_video":"","_tribe_events_virtual_linked_button_text":"","_tribe_events_virtual_linked_button":"","_tribe_events_virtual_show_embed_at":"","_tribe_events_virtual_show_embed_to":[],"_tribe_events_virtual_show_on_event":"","_tribe_events_virtual_show_on_views":"","_tribe_events_virtual_url":"","footnotes":""},"tags":[],"tribe_events_cat":[],"class_list":["post-20191","tribe_events","type-tribe_events","status-publish","hentry"],"acf":[],"yoast_head":"<!-- This site is optimized with the Yoast SEO plugin v27.4 - https:\/\/yoast.com\/product\/yoast-seo-wordpress\/ -->\n<title>How far can church design go? - Immanuel Church<\/title>\n<meta name=\"robots\" content=\"index, follow, max-snippet:-1, max-image-preview:large, max-video-preview:-1\" \/>\n<link rel=\"canonical\" href=\"https:\/\/www.immanuel.se\/en\/calendar\/how-far-can-church-design-go-105\/\" \/>\n<meta property=\"og:locale\" content=\"en_US\" \/>\n<meta property=\"og:type\" content=\"article\" \/>\n<meta property=\"og:title\" content=\"How far can church design go? - Immanuel Church\" \/>\n<meta property=\"og:description\" content=\"A cultural caf\u00e9 inspired by the artistic legacy of church painter P\u00e4r Andersson, held at Immanuel Church. The exhibition on P\u00e4r Andersson is currently on display at the Royal Academy [&hellip;]\" \/>\n<meta property=\"og:url\" content=\"https:\/\/www.immanuel.se\/en\/calendar\/how-far-can-church-design-go-105\/\" \/>\n<meta property=\"og:site_name\" content=\"Immanuel Church\" \/>\n<meta property=\"article:modified_time\" content=\"2026-05-01T20:15:37+00:00\" \/>\n<meta name=\"twitter:card\" content=\"summary_large_image\" \/>\n<script type=\"application\/ld+json\" class=\"yoast-schema-graph\">{\"@context\":\"https:\\\/\\\/schema.org\",\"@graph\":[{\"@type\":\"WebPage\",\"@id\":\"https:\\\/\\\/www.immanuel.se\\\/en\\\/calendar\\\/how-far-can-church-design-go-105\\\/\",\"url\":\"https:\\\/\\\/www.immanuel.se\\\/en\\\/calendar\\\/how-far-can-church-design-go-105\\\/\",\"name\":\"How far can church design go? - Immanuel Church\",\"isPartOf\":{\"@id\":\"https:\\\/\\\/www.immanuel.se\\\/en\\\/#website\"},\"datePublished\":\"2025-11-11T21:15:35+00:00\",\"dateModified\":\"2026-05-01T20:15:37+00:00\",\"breadcrumb\":{\"@id\":\"https:\\\/\\\/www.immanuel.se\\\/en\\\/calendar\\\/how-far-can-church-design-go-105\\\/#breadcrumb\"},\"inLanguage\":\"en-US\",\"potentialAction\":[{\"@type\":\"ReadAction\",\"target\":[\"https:\\\/\\\/www.immanuel.se\\\/en\\\/calendar\\\/how-far-can-church-design-go-105\\\/\"]}]},{\"@type\":\"BreadcrumbList\",\"@id\":\"https:\\\/\\\/www.immanuel.se\\\/en\\\/calendar\\\/how-far-can-church-design-go-105\\\/#breadcrumb\",\"itemListElement\":[{\"@type\":\"ListItem\",\"position\":1,\"name\":\"Home\",\"item\":\"https:\\\/\\\/www.immanuel.se\\\/en\\\/\"},{\"@type\":\"ListItem\",\"position\":2,\"name\":\"Events\",\"item\":\"https:\\\/\\\/www.immanuel.se\\\/en\\\/calendar\\\/\"},{\"@type\":\"ListItem\",\"position\":3,\"name\":\"How far can church design go?\"}]},{\"@type\":\"WebSite\",\"@id\":\"https:\\\/\\\/www.immanuel.se\\\/en\\\/#website\",\"url\":\"https:\\\/\\\/www.immanuel.se\\\/en\\\/\",\"name\":\"Immanuel Church\",\"description\":\"\",\"publisher\":{\"@id\":\"https:\\\/\\\/www.immanuel.se\\\/en\\\/#organization\"},\"potentialAction\":[{\"@type\":\"SearchAction\",\"target\":{\"@type\":\"EntryPoint\",\"urlTemplate\":\"https:\\\/\\\/www.immanuel.se\\\/en\\\/?s={search_term_string}\"},\"query-input\":{\"@type\":\"PropertyValueSpecification\",\"valueRequired\":true,\"valueName\":\"search_term_string\"}}],\"inLanguage\":\"en-US\"},{\"@type\":\"Organization\",\"@id\":\"https:\\\/\\\/www.immanuel.se\\\/en\\\/#organization\",\"name\":\"Immanuel Church\",\"url\":\"https:\\\/\\\/www.immanuel.se\\\/en\\\/\",\"logo\":{\"@type\":\"ImageObject\",\"inLanguage\":\"en-US\",\"@id\":\"https:\\\/\\\/www.immanuel.se\\\/en\\\/#\\\/schema\\\/logo\\\/image\\\/\",\"url\":\"https:\\\/\\\/www.immanuel.se\\\/en\\\/wp-content\\\/uploads\\\/sites\\\/2\\\/2020\\\/09\\\/immanuelskyrkan-logo.svg\",\"contentUrl\":\"https:\\\/\\\/www.immanuel.se\\\/en\\\/wp-content\\\/uploads\\\/sites\\\/2\\\/2020\\\/09\\\/immanuelskyrkan-logo.svg\",\"width\":170,\"height\":28,\"caption\":\"Immanuel Church\"},\"image\":{\"@id\":\"https:\\\/\\\/www.immanuel.se\\\/en\\\/#\\\/schema\\\/logo\\\/image\\\/\"}}]}<\/script>\n<!-- \/ Yoast SEO plugin. -->","yoast_head_json":{"title":"How far can church design go? - Immanuel Church","robots":{"index":"index","follow":"follow","max-snippet":"max-snippet:-1","max-image-preview":"max-image-preview:large","max-video-preview":"max-video-preview:-1"},"canonical":"https:\/\/www.immanuel.se\/en\/calendar\/how-far-can-church-design-go-105\/","og_locale":"en_US","og_type":"article","og_title":"How far can church design go? - Immanuel Church","og_description":"A cultural caf\u00e9 inspired by the artistic legacy of church painter P\u00e4r Andersson, held at Immanuel Church. The exhibition on P\u00e4r Andersson is currently on display at the Royal Academy [&hellip;]","og_url":"https:\/\/www.immanuel.se\/en\/calendar\/how-far-can-church-design-go-105\/","og_site_name":"Immanuel Church","article_modified_time":"2026-05-01T20:15:37+00:00","twitter_card":"summary_large_image","schema":{"@context":"https:\/\/schema.org","@graph":[{"@type":"WebPage","@id":"https:\/\/www.immanuel.se\/en\/calendar\/how-far-can-church-design-go-105\/","url":"https:\/\/www.immanuel.se\/en\/calendar\/how-far-can-church-design-go-105\/","name":"How far can church design go? - Immanuel Church","isPartOf":{"@id":"https:\/\/www.immanuel.se\/en\/#website"},"datePublished":"2025-11-11T21:15:35+00:00","dateModified":"2026-05-01T20:15:37+00:00","breadcrumb":{"@id":"https:\/\/www.immanuel.se\/en\/calendar\/how-far-can-church-design-go-105\/#breadcrumb"},"inLanguage":"en-US","potentialAction":[{"@type":"ReadAction","target":["https:\/\/www.immanuel.se\/en\/calendar\/how-far-can-church-design-go-105\/"]}]},{"@type":"BreadcrumbList","@id":"https:\/\/www.immanuel.se\/en\/calendar\/how-far-can-church-design-go-105\/#breadcrumb","itemListElement":[{"@type":"ListItem","position":1,"name":"Home","item":"https:\/\/www.immanuel.se\/en\/"},{"@type":"ListItem","position":2,"name":"Events","item":"https:\/\/www.immanuel.se\/en\/calendar\/"},{"@type":"ListItem","position":3,"name":"How far can church design go?"}]},{"@type":"WebSite","@id":"https:\/\/www.immanuel.se\/en\/#website","url":"https:\/\/www.immanuel.se\/en\/","name":"Immanuel Church","description":"","publisher":{"@id":"https:\/\/www.immanuel.se\/en\/#organization"},"potentialAction":[{"@type":"SearchAction","target":{"@type":"EntryPoint","urlTemplate":"https:\/\/www.immanuel.se\/en\/?s={search_term_string}"},"query-input":{"@type":"PropertyValueSpecification","valueRequired":true,"valueName":"search_term_string"}}],"inLanguage":"en-US"},{"@type":"Organization","@id":"https:\/\/www.immanuel.se\/en\/#organization","name":"Immanuel Church","url":"https:\/\/www.immanuel.se\/en\/","logo":{"@type":"ImageObject","inLanguage":"en-US","@id":"https:\/\/www.immanuel.se\/en\/#\/schema\/logo\/image\/","url":"https:\/\/www.immanuel.se\/en\/wp-content\/uploads\/sites\/2\/2020\/09\/immanuelskyrkan-logo.svg","contentUrl":"https:\/\/www.immanuel.se\/en\/wp-content\/uploads\/sites\/2\/2020\/09\/immanuelskyrkan-logo.svg","width":170,"height":28,"caption":"Immanuel Church"},"image":{"@id":"https:\/\/www.immanuel.se\/en\/#\/schema\/logo\/image\/"}}]}},"_links":{"self":[{"href":"https:\/\/www.immanuel.se\/en\/wp-json\/wp\/v2\/tribe_events\/20191","targetHints":{"allow":["GET"]}}],"collection":[{"href":"https:\/\/www.immanuel.se\/en\/wp-json\/wp\/v2\/tribe_events"}],"about":[{"href":"https:\/\/www.immanuel.se\/en\/wp-json\/wp\/v2\/types\/tribe_events"}],"version-history":[{"count":1,"href":"https:\/\/www.immanuel.se\/en\/wp-json\/wp\/v2\/tribe_events\/20191\/revisions"}],"predecessor-version":[{"id":20192,"href":"https:\/\/www.immanuel.se\/en\/wp-json\/wp\/v2\/tribe_events\/20191\/revisions\/20192"}],"wp:attachment":[{"href":"https:\/\/www.immanuel.se\/en\/wp-json\/wp\/v2\/media?parent=20191"}],"wp:term":[{"taxonomy":"post_tag","embeddable":true,"href":"https:\/\/www.immanuel.se\/en\/wp-json\/wp\/v2\/tags?post=20191"},{"taxonomy":"tribe_events_cat","embeddable":true,"href":"https:\/\/www.immanuel.se\/en\/wp-json\/wp\/v2\/tribe_events_cat?post=20191"}],"curies":[{"name":"wp","href":"https:\/\/api.w.org\/{rel}","templated":true}]}}

<p>A cultural café inspired by the artistic legacy of church painter Pär Andersson, held at Immanuel Church.</p>
<p>The exhibition on Pär Andersson is currently on display at the Royal Academy of Fine Arts (October 16–November 22). Immanuel Church remains his most extensive artistic creation.</p>
<p>Participants:<br />
Mats Theselius – renowned furniture designer and son of Pär Andersson<br />
Petra Carlsson Redell – priest and professor with a deep interest in sacred spaces and artistic expression<br />
Moderator: Görel Byström Janarv – theologian with long experience working at the intersection of faith, art, and life</p>

<p>A cultural café inspired by the artistic legacy of church painter Pär Andersson, held at Immanuel Church. The exhibition on Pär Andersson is currently on display at the Royal Academy [&hellip;]</p>

<!-- This site is optimized with the Yoast SEO plugin v27.4 - https://yoast.com/product/yoast-seo-wordpress/ -->
<title>How far can church design go? - Immanuel Church</title>
<meta name="robots" content="index, follow, max-snippet:-1, max-image-preview:large, max-video-preview:-1" />
<link rel="canonical" href="https://www.immanuel.se/en/calendar/how-far-can-church-design-go-105/" />
<meta property="og:locale" content="en_US" />
<meta property="og:type" content="article" />
<meta property="og:title" content="How far can church design go? - Immanuel Church" />
<meta property="og:description" content="A cultural café inspired by the artistic legacy of church painter Pär Andersson, held at Immanuel Church. The exhibition on Pär Andersson is currently on display at the Royal Academy [&hellip;]" />
<meta property="og:url" content="https://www.immanuel.se/en/calendar/how-far-can-church-design-go-105/" />
<meta property="og:site_name" content="Immanuel Church" />
<meta property="article:modified_time" content="2026-05-01T20:15:37+00:00" />
<meta name="twitter:card" content="summary_large_image" />
<script type="application/ld+json" class="yoast-schema-graph">{"@context":"https:\/\/schema.org","@graph":[{"@type":"WebPage","@id":"https:\/\/www.immanuel.se\/en\/calendar\/how-far-can-church-design-go-105\/","url":"https:\/\/www.immanuel.se\/en\/calendar\/how-far-can-church-design-go-105\/","name":"How far can church design go? - Immanuel Church","isPartOf":{"@id":"https:\/\/www.immanuel.se\/en\/#website"},"datePublished":"2025-11-11T21:15:35+00:00","dateModified":"2026-05-01T20:15:37+00:00","breadcrumb":{"@id":"https:\/\/www.immanuel.se\/en\/calendar\/how-far-can-church-design-go-105\/#breadcrumb"},"inLanguage":"en-US","potentialAction":[{"@type":"ReadAction","target":["https:\/\/www.immanuel.se\/en\/calendar\/how-far-can-church-design-go-105\/"]}]},{"@type":"BreadcrumbList","@id":"https:\/\/www.immanuel.se\/en\/calendar\/how-far-can-church-design-go-105\/#breadcrumb","itemListElement":[{"@type":"ListItem","position":1,"name":"Home","item":"https:\/\/www.immanuel.se\/en\/"},{"@type":"ListItem","position":2,"name":"Events","item":"https:\/\/www.immanuel.se\/en\/calendar\/"},{"@type":"ListItem","position":3,"name":"How far can church design go?"}]},{"@type":"WebSite","@id":"https:\/\/www.immanuel.se\/en\/#website","url":"https:\/\/www.immanuel.se\/en\/","name":"Immanuel Church","description":"","publisher":{"@id":"https:\/\/www.immanuel.se\/en\/#organization"},"potentialAction":[{"@type":"SearchAction","target":{"@type":"EntryPoint","urlTemplate":"https:\/\/www.immanuel.se\/en\/?s={search_term_string}"},"query-input":{"@type":"PropertyValueSpecification","valueRequired":true,"valueName":"search_term_string"}}],"inLanguage":"en-US"},{"@type":"Organization","@id":"https:\/\/www.immanuel.se\/en\/#organization","name":"Immanuel Church","url":"https:\/\/www.immanuel.se\/en\/","logo":{"@type":"ImageObject","inLanguage":"en-US","@id":"https:\/\/www.immanuel.se\/en\/#\/schema\/logo\/image\/","url":"https:\/\/www.immanuel.se\/en\/wp-content\/uploads\/sites\/2\/2020\/09\/immanuelskyrkan-logo.svg","contentUrl":"https:\/\/www.immanuel.se\/en\/wp-content\/uploads\/sites\/2\/2020\/09\/immanuelskyrkan-logo.svg","width":170,"height":28,"caption":"Immanuel Church"},"image":{"@id":"https:\/\/www.immanuel.se\/en\/#\/schema\/logo\/image\/"}}]}</script>
<!-- / Yoast SEO plugin. -->

A cultural café inspired by the artistic legacy of church painter Pär Andersson, held at Immanuel Church. The exhibition on Pär Andersson is currently on display at the Royal Academy [&hellip;]
