{"id":18179,"date":"2025-08-29T10:13:31","date_gmt":"2025-08-29T08:13:31","guid":{"rendered":"https:\/\/www.immanuel.se\/en\/calendar\/tisdagstraffen-25\/"},"modified":"2026-05-01T20:15:39","modified_gmt":"2026-05-01T18:15:39","slug":"tisdagstraffen-25","status":"publish","type":"tribe_events","link":"https:\/\/www.immanuel.se\/en\/calendar\/tisdagstraffen-25\/","title":{"rendered":"Immanuel Senior"},"content":{"rendered":"<p>Profetisk diakoni i demokratins tj\u00e4nst<\/p>\n<p>Kyrkan har spelat en avg\u00f6rande roll i Sveriges demokratiska historia, men samma r\u00f6st verkar idag uppfattas som alltmer st\u00f6rande. Anna Ardin, statsvetare och diakon, ger en teologisk och samh\u00e4llelig reflektion kring kyrkans r\u00f6stb\u00e4rande uppgift och diakonins politiska dimension. Utifr\u00e5n sin forskning inom civilsamh\u00e4llesvetenskap reflekterar hon \u00f6ver frikyrkans erfarenheter, d\u00e4r kampen f\u00f6r religionsfrihet och m\u00e4nniskov\u00e4rde misst\u00e4nkliggjorts, men ochs\u00e5 hyllats. <\/p>\n","protected":false},"excerpt":{"rendered":"<p>Profetisk diakoni i demokratins tj\u00e4nst Kyrkan har spelat en avg\u00f6rande roll i Sveriges demokratiska historia, men samma r\u00f6st verkar idag uppfattas som alltmer st\u00f6rande. Anna Ardin, statsvetare och diakon, ger [&hellip;]<\/p>\n","protected":false},"author":0,"featured_media":0,"template":"","meta":{"_acf_changed":false,"page_specific_styles":"","episode_type":"","audio_file":"","podmotor_file_id":"","podmotor_episode_id":"","cover_image":"","cover_image_id":"","duration":"","filesize":"","filesize_raw":"","date_recorded":"","explicit":"","block":"","itunes_episode_number":"","itunes_title":"","itunes_season_number":"","itunes_episode_type":"","_tribe_events_status":"","_tribe_events_status_reason":"","editor_notices":[],"_tribe_events_is_hybrid":"","_tribe_events_is_virtual":"","_tribe_events_virtual_video_source":"","_tribe_events_virtual_embed_video":"","_tribe_events_virtual_linked_button_text":"","_tribe_events_virtual_linked_button":"","_tribe_events_virtual_show_embed_at":"","_tribe_events_virtual_show_embed_to":[],"_tribe_events_virtual_show_on_event":"","_tribe_events_virtual_show_on_views":"","_tribe_events_virtual_url":"","footnotes":""},"tags":[],"tribe_events_cat":[],"class_list":["post-18179","tribe_events","type-tribe_events","status-publish","hentry"],"acf":[],"yoast_head":"<!-- This site is optimized with the Yoast SEO plugin v27.4 - https:\/\/yoast.com\/product\/yoast-seo-wordpress\/ -->\n<title>Immanuel Senior - Immanuel Church<\/title>\n<meta name=\"robots\" content=\"index, follow, max-snippet:-1, max-image-preview:large, max-video-preview:-1\" \/>\n<link rel=\"canonical\" href=\"https:\/\/www.immanuel.se\/en\/calendar\/tisdagstraffen-25\/\" \/>\n<meta property=\"og:locale\" content=\"en_US\" \/>\n<meta property=\"og:type\" content=\"article\" \/>\n<meta property=\"og:title\" content=\"Immanuel Senior - Immanuel Church\" \/>\n<meta property=\"og:description\" content=\"Profetisk diakoni i demokratins tj\u00e4nst Kyrkan har spelat en avg\u00f6rande roll i Sveriges demokratiska historia, men samma r\u00f6st verkar idag uppfattas som alltmer st\u00f6rande. Anna Ardin, statsvetare och diakon, ger [&hellip;]\" \/>\n<meta property=\"og:url\" content=\"https:\/\/www.immanuel.se\/en\/calendar\/tisdagstraffen-25\/\" \/>\n<meta property=\"og:site_name\" content=\"Immanuel Church\" \/>\n<meta property=\"article:modified_time\" content=\"2026-05-01T18:15:39+00:00\" \/>\n<meta name=\"twitter:card\" content=\"summary_large_image\" \/>\n<script type=\"application\/ld+json\" class=\"yoast-schema-graph\">{\"@context\":\"https:\\\/\\\/schema.org\",\"@graph\":[{\"@type\":\"WebPage\",\"@id\":\"https:\\\/\\\/www.immanuel.se\\\/en\\\/calendar\\\/tisdagstraffen-25\\\/\",\"url\":\"https:\\\/\\\/www.immanuel.se\\\/en\\\/calendar\\\/tisdagstraffen-25\\\/\",\"name\":\"Immanuel Senior - Immanuel Church\",\"isPartOf\":{\"@id\":\"https:\\\/\\\/www.immanuel.se\\\/en\\\/#website\"},\"datePublished\":\"2025-08-29T08:13:31+00:00\",\"dateModified\":\"2026-05-01T18:15:39+00:00\",\"breadcrumb\":{\"@id\":\"https:\\\/\\\/www.immanuel.se\\\/en\\\/calendar\\\/tisdagstraffen-25\\\/#breadcrumb\"},\"inLanguage\":\"en-US\",\"potentialAction\":[{\"@type\":\"ReadAction\",\"target\":[\"https:\\\/\\\/www.immanuel.se\\\/en\\\/calendar\\\/tisdagstraffen-25\\\/\"]}]},{\"@type\":\"BreadcrumbList\",\"@id\":\"https:\\\/\\\/www.immanuel.se\\\/en\\\/calendar\\\/tisdagstraffen-25\\\/#breadcrumb\",\"itemListElement\":[{\"@type\":\"ListItem\",\"position\":1,\"name\":\"Home\",\"item\":\"https:\\\/\\\/www.immanuel.se\\\/en\\\/\"},{\"@type\":\"ListItem\",\"position\":2,\"name\":\"Events\",\"item\":\"https:\\\/\\\/www.immanuel.se\\\/en\\\/calendar\\\/\"},{\"@type\":\"ListItem\",\"position\":3,\"name\":\"Tisdagstr\u00e4ffen\"}]},{\"@type\":\"WebSite\",\"@id\":\"https:\\\/\\\/www.immanuel.se\\\/en\\\/#website\",\"url\":\"https:\\\/\\\/www.immanuel.se\\\/en\\\/\",\"name\":\"Immanuel Church\",\"description\":\"\",\"publisher\":{\"@id\":\"https:\\\/\\\/www.immanuel.se\\\/en\\\/#organization\"},\"potentialAction\":[{\"@type\":\"SearchAction\",\"target\":{\"@type\":\"EntryPoint\",\"urlTemplate\":\"https:\\\/\\\/www.immanuel.se\\\/en\\\/?s={search_term_string}\"},\"query-input\":{\"@type\":\"PropertyValueSpecification\",\"valueRequired\":true,\"valueName\":\"search_term_string\"}}],\"inLanguage\":\"en-US\"},{\"@type\":\"Organization\",\"@id\":\"https:\\\/\\\/www.immanuel.se\\\/en\\\/#organization\",\"name\":\"Immanuel Church\",\"url\":\"https:\\\/\\\/www.immanuel.se\\\/en\\\/\",\"logo\":{\"@type\":\"ImageObject\",\"inLanguage\":\"en-US\",\"@id\":\"https:\\\/\\\/www.immanuel.se\\\/en\\\/#\\\/schema\\\/logo\\\/image\\\/\",\"url\":\"https:\\\/\\\/www.immanuel.se\\\/en\\\/wp-content\\\/uploads\\\/sites\\\/2\\\/2020\\\/09\\\/immanuelskyrkan-logo.svg\",\"contentUrl\":\"https:\\\/\\\/www.immanuel.se\\\/en\\\/wp-content\\\/uploads\\\/sites\\\/2\\\/2020\\\/09\\\/immanuelskyrkan-logo.svg\",\"width\":170,\"height\":28,\"caption\":\"Immanuel Church\"},\"image\":{\"@id\":\"https:\\\/\\\/www.immanuel.se\\\/en\\\/#\\\/schema\\\/logo\\\/image\\\/\"}}]}<\/script>\n<!-- \/ Yoast SEO plugin. -->","yoast_head_json":{"title":"Immanuel Senior - Immanuel Church","robots":{"index":"index","follow":"follow","max-snippet":"max-snippet:-1","max-image-preview":"max-image-preview:large","max-video-preview":"max-video-preview:-1"},"canonical":"https:\/\/www.immanuel.se\/en\/calendar\/tisdagstraffen-25\/","og_locale":"en_US","og_type":"article","og_title":"Immanuel Senior - Immanuel Church","og_description":"Profetisk diakoni i demokratins tj\u00e4nst Kyrkan har spelat en avg\u00f6rande roll i Sveriges demokratiska historia, men samma r\u00f6st verkar idag uppfattas som alltmer st\u00f6rande. Anna Ardin, statsvetare och diakon, ger [&hellip;]","og_url":"https:\/\/www.immanuel.se\/en\/calendar\/tisdagstraffen-25\/","og_site_name":"Immanuel Church","article_modified_time":"2026-05-01T18:15:39+00:00","twitter_card":"summary_large_image","schema":{"@context":"https:\/\/schema.org","@graph":[{"@type":"WebPage","@id":"https:\/\/www.immanuel.se\/en\/calendar\/tisdagstraffen-25\/","url":"https:\/\/www.immanuel.se\/en\/calendar\/tisdagstraffen-25\/","name":"Immanuel Senior - Immanuel Church","isPartOf":{"@id":"https:\/\/www.immanuel.se\/en\/#website"},"datePublished":"2025-08-29T08:13:31+00:00","dateModified":"2026-05-01T18:15:39+00:00","breadcrumb":{"@id":"https:\/\/www.immanuel.se\/en\/calendar\/tisdagstraffen-25\/#breadcrumb"},"inLanguage":"en-US","potentialAction":[{"@type":"ReadAction","target":["https:\/\/www.immanuel.se\/en\/calendar\/tisdagstraffen-25\/"]}]},{"@type":"BreadcrumbList","@id":"https:\/\/www.immanuel.se\/en\/calendar\/tisdagstraffen-25\/#breadcrumb","itemListElement":[{"@type":"ListItem","position":1,"name":"Home","item":"https:\/\/www.immanuel.se\/en\/"},{"@type":"ListItem","position":2,"name":"Events","item":"https:\/\/www.immanuel.se\/en\/calendar\/"},{"@type":"ListItem","position":3,"name":"Tisdagstr\u00e4ffen"}]},{"@type":"WebSite","@id":"https:\/\/www.immanuel.se\/en\/#website","url":"https:\/\/www.immanuel.se\/en\/","name":"Immanuel Church","description":"","publisher":{"@id":"https:\/\/www.immanuel.se\/en\/#organization"},"potentialAction":[{"@type":"SearchAction","target":{"@type":"EntryPoint","urlTemplate":"https:\/\/www.immanuel.se\/en\/?s={search_term_string}"},"query-input":{"@type":"PropertyValueSpecification","valueRequired":true,"valueName":"search_term_string"}}],"inLanguage":"en-US"},{"@type":"Organization","@id":"https:\/\/www.immanuel.se\/en\/#organization","name":"Immanuel Church","url":"https:\/\/www.immanuel.se\/en\/","logo":{"@type":"ImageObject","inLanguage":"en-US","@id":"https:\/\/www.immanuel.se\/en\/#\/schema\/logo\/image\/","url":"https:\/\/www.immanuel.se\/en\/wp-content\/uploads\/sites\/2\/2020\/09\/immanuelskyrkan-logo.svg","contentUrl":"https:\/\/www.immanuel.se\/en\/wp-content\/uploads\/sites\/2\/2020\/09\/immanuelskyrkan-logo.svg","width":170,"height":28,"caption":"Immanuel Church"},"image":{"@id":"https:\/\/www.immanuel.se\/en\/#\/schema\/logo\/image\/"}}]}},"_links":{"self":[{"href":"https:\/\/www.immanuel.se\/en\/wp-json\/wp\/v2\/tribe_events\/18179","targetHints":{"allow":["GET"]}}],"collection":[{"href":"https:\/\/www.immanuel.se\/en\/wp-json\/wp\/v2\/tribe_events"}],"about":[{"href":"https:\/\/www.immanuel.se\/en\/wp-json\/wp\/v2\/types\/tribe_events"}],"version-history":[{"count":3,"href":"https:\/\/www.immanuel.se\/en\/wp-json\/wp\/v2\/tribe_events\/18179\/revisions"}],"predecessor-version":[{"id":19689,"href":"https:\/\/www.immanuel.se\/en\/wp-json\/wp\/v2\/tribe_events\/18179\/revisions\/19689"}],"wp:attachment":[{"href":"https:\/\/www.immanuel.se\/en\/wp-json\/wp\/v2\/media?parent=18179"}],"wp:term":[{"taxonomy":"post_tag","embeddable":true,"href":"https:\/\/www.immanuel.se\/en\/wp-json\/wp\/v2\/tags?post=18179"},{"taxonomy":"tribe_events_cat","embeddable":true,"href":"https:\/\/www.immanuel.se\/en\/wp-json\/wp\/v2\/tribe_events_cat?post=18179"}],"curies":[{"name":"wp","href":"https:\/\/api.w.org\/{rel}","templated":true}]}}

<p>Profetisk diakoni i demokratins tjänst</p>
<p>Kyrkan har spelat en avgörande roll i Sveriges demokratiska historia, men samma röst verkar idag uppfattas som alltmer störande. Anna Ardin, statsvetare och diakon, ger en teologisk och samhällelig reflektion kring kyrkans röstbärande uppgift och diakonins politiska dimension. Utifrån sin forskning inom civilsamhällesvetenskap reflekterar hon över frikyrkans erfarenheter, där kampen för religionsfrihet och människovärde misstänkliggjorts, men ochså hyllats. </p>

<p>Profetisk diakoni i demokratins tjänst Kyrkan har spelat en avgörande roll i Sveriges demokratiska historia, men samma röst verkar idag uppfattas som alltmer störande. Anna Ardin, statsvetare och diakon, ger [&hellip;]</p>

<!-- This site is optimized with the Yoast SEO plugin v27.4 - https://yoast.com/product/yoast-seo-wordpress/ -->
<title>Immanuel Senior - Immanuel Church</title>
<meta name="robots" content="index, follow, max-snippet:-1, max-image-preview:large, max-video-preview:-1" />
<link rel="canonical" href="https://www.immanuel.se/en/calendar/tisdagstraffen-25/" />
<meta property="og:locale" content="en_US" />
<meta property="og:type" content="article" />
<meta property="og:title" content="Immanuel Senior - Immanuel Church" />
<meta property="og:description" content="Profetisk diakoni i demokratins tjänst Kyrkan har spelat en avgörande roll i Sveriges demokratiska historia, men samma röst verkar idag uppfattas som alltmer störande. Anna Ardin, statsvetare och diakon, ger [&hellip;]" />
<meta property="og:url" content="https://www.immanuel.se/en/calendar/tisdagstraffen-25/" />
<meta property="og:site_name" content="Immanuel Church" />
<meta property="article:modified_time" content="2026-05-01T18:15:39+00:00" />
<meta name="twitter:card" content="summary_large_image" />
<script type="application/ld+json" class="yoast-schema-graph">{"@context":"https:\/\/schema.org","@graph":[{"@type":"WebPage","@id":"https:\/\/www.immanuel.se\/en\/calendar\/tisdagstraffen-25\/","url":"https:\/\/www.immanuel.se\/en\/calendar\/tisdagstraffen-25\/","name":"Immanuel Senior - Immanuel Church","isPartOf":{"@id":"https:\/\/www.immanuel.se\/en\/#website"},"datePublished":"2025-08-29T08:13:31+00:00","dateModified":"2026-05-01T18:15:39+00:00","breadcrumb":{"@id":"https:\/\/www.immanuel.se\/en\/calendar\/tisdagstraffen-25\/#breadcrumb"},"inLanguage":"en-US","potentialAction":[{"@type":"ReadAction","target":["https:\/\/www.immanuel.se\/en\/calendar\/tisdagstraffen-25\/"]}]},{"@type":"BreadcrumbList","@id":"https:\/\/www.immanuel.se\/en\/calendar\/tisdagstraffen-25\/#breadcrumb","itemListElement":[{"@type":"ListItem","position":1,"name":"Home","item":"https:\/\/www.immanuel.se\/en\/"},{"@type":"ListItem","position":2,"name":"Events","item":"https:\/\/www.immanuel.se\/en\/calendar\/"},{"@type":"ListItem","position":3,"name":"Tisdagsträffen"}]},{"@type":"WebSite","@id":"https:\/\/www.immanuel.se\/en\/#website","url":"https:\/\/www.immanuel.se\/en\/","name":"Immanuel Church","description":"","publisher":{"@id":"https:\/\/www.immanuel.se\/en\/#organization"},"potentialAction":[{"@type":"SearchAction","target":{"@type":"EntryPoint","urlTemplate":"https:\/\/www.immanuel.se\/en\/?s={search_term_string}"},"query-input":{"@type":"PropertyValueSpecification","valueRequired":true,"valueName":"search_term_string"}}],"inLanguage":"en-US"},{"@type":"Organization","@id":"https:\/\/www.immanuel.se\/en\/#organization","name":"Immanuel Church","url":"https:\/\/www.immanuel.se\/en\/","logo":{"@type":"ImageObject","inLanguage":"en-US","@id":"https:\/\/www.immanuel.se\/en\/#\/schema\/logo\/image\/","url":"https:\/\/www.immanuel.se\/en\/wp-content\/uploads\/sites\/2\/2020\/09\/immanuelskyrkan-logo.svg","contentUrl":"https:\/\/www.immanuel.se\/en\/wp-content\/uploads\/sites\/2\/2020\/09\/immanuelskyrkan-logo.svg","width":170,"height":28,"caption":"Immanuel Church"},"image":{"@id":"https:\/\/www.immanuel.se\/en\/#\/schema\/logo\/image\/"}}]}</script>
<!-- / Yoast SEO plugin. -->

Profetisk diakoni i demokratins tjänst Kyrkan har spelat en avgörande roll i Sveriges demokratiska historia, men samma röst verkar idag uppfattas som alltmer störande. Anna Ardin, statsvetare och diakon, ger [&hellip;]

Tisdagsträffen
